1 (base 3) in base 11?
-3684669
10110111001000001100011 (base 2) to base 16
5b9063
Convert -2240600 (base 9) to base 7.
-13160010
What is 44497 (base 10) in base 15?
d2b7
Convert -8a6062 (base 11) to base 15.
-1d77b7
What is 76a4f (base 16) in base 4?
1312221033
-1112022021201 (base 3) to base 11
-505940
-23a409 (base 12) to base 8
-2150311
What is -2745025 (base 9) in base 8?
-5575531
What is -121000010111201 (base 3) in base 5?
-4134134423
Convert 10424530 (base 7) to base 12.
373277
100001100010010001010 (base 2) to base 12
44bb22
101431424 (base 5) to base 6
13004240
Convert 5703413 (base 8) to base 5.
343320044
352324011 (base 6) to base 9
13305667
Convert -723181 (base 10) to base 7.
-6101254
Convert 23110120300 (base 4) to base 12.
bb1094
What is 22c44 (base 14) in base 4?
110223330
What is -423212420 (base 5) in base 10?
-1772860
-45135 (base 8) to base 9
-28102
Convert 86285 (base 15) to base 5.
102111300
Convert -5750137 (base 8) to base 10.
-1560671
Convert -172356 (base 11) to base 14.
-6d248
-24171 (base 8) to base 13
-4940
What is -110215340 (base 6) in base 15?
-290e5c
-13110233011 (base 4) to base 8
-7245705
Convert 2142274 (base 8) to base 16.
8c4bc
Convert -7f59ad (base 16) to base 4.
-133311212231
20122212112 (base 3) to base 7
1054202
13b483 (base 14) to base 9
1252432
12646317 (base 8) to base 16
2b4ccf
Convert 56123 (base 13) to base 5.
14444220
-111100000001010100110 (base 2) to base 6
-110053210
What is -1dc0c (base 15) in base 4?
-113232330
-12012022120021 (base 3) to base 2
-1010100010010010001000
What is -640c8 (base 13) in base 14?
-499dc
1699361 (base 11) to base 16
2bf9fd
What is 13524223 (base 6) in base 3?
212111012020
b78149 (base 14) to base 10
6207189
What is 15909 (base 15) in base 11?
48273
What is -31202011 (base 4) in base 15?
-11654
-11303393 (base 10) to base 11
-6420452
-1110010100101011 (base 2) to base 13
-2091b
Convert 2276068 (base 10) to base 4.
20223223210
Convert -12c17a (base 13) to base 8.
-1570611
-11122221201 (base 3) to base 2
-10110011010101011
-2baf21 (base 16) to base 5
-1213103011
Convert -98dbf (base 16) to base 13.
-18bca5
Convert 21471a (base 13) to base 7.
6432244
-10b8211 (base 13) to base 12
-1889590
29685 (base 11) to base 14
1149a
What is -4072 (base 15) in base 4?
-3110213
Convert -684255 (base 11) to base 16.
-109e24
Convert 20000210210 (base 3) to base 2.
11100111110011110
What is -30553424 (base 6) in base 15?
-1277a1
-2759616 (base 11) to base 5
-2204201111
What is 301ecb (base 16) in base 7?
35543126
What is 10d26 (base 14) in base 4?
22000212
What is -274240 (base 10) in base 4?
-1002331000
Convert 1021500 (base 8) to base 9.
452867
-433241 (base 7) to base 12
-378ab
Convert 4667446 (base 8) to base 3.
2101201002210
-8954800 (base 11) to base 7
-250313543
What is -353213 (base 6) in base 4?
-13131021
-da94 (base 14) to base 10
-37762
1747a2 (base 12) to base 14
a6722
Convert 35441350 (base 6) to base 3.
2002101021010
What is -43302332 (base 5) in base 12?
-159718
Convert 537034 (base 8) to base 4.
223320130
What is -1041342341 (base 5) in base 12?
-9272a7
What is -22b9a (base 13) in base 12?
-308ba
Convert -2160370 (base 13) to base 6.
-1002315431
What is -356385 (base 9) in base 2?
-110100011001110110
What is 76245 (base 9) in base 12?
25288
Convert 334513 (base 7) to base 16.
e773
What is 20652422 (base 8) in base 16?
435512
Convert 20310112213 (base 4) to base 7.
25435222
-32916 (base 10) to base 7
-164652
-20011233223 (base 4) to base 11
-1219334
Convert 201a87 (base 13) to base 8.
2662130
What is 12c2d (base 14) in base 16?
b4d9
Convert 2300110211 (base 5) to base 13.
108c17a
489776 (base 10) to base 8
1674460
Convert 102011133233 (base 4) to base 13.
c9ccb3
56a6c3 (base 15) to base 4
33301233210
20533501 (base 6) to base 2
10010011010101001101
Convert -50400 (base 9) to base 7.
-165405
Convert -993244 (base 15) to base 9.
-14656531
4a1448 (base 14) to base 7
30403321
-100011022002200 (base 3) to base 8
-22443025
What is 2231055 (base 7) in base 5?
32321443
Convert -4044111310 (base 5) to base 13.
-190a61c
Convert 1010100011001101001110 (base 2) to base 12.
b145a6
Convert 345a74 (base 13) to base 11.
778335
Convert -515045 (base 6) to base 2.
-1010000101000101
What is 203123322122 (base 4) in base 15?
c37615
What is -141337 (base 11) in base 10?
-221349
What is -132258 (base 10) in base 2?
-100000010010100010
-1109820 (base 10) to base 4
-10032330330
What is -1027898 (base 11) in base 2?
-110111010001100100011
Convert -251413 (base 7) to base 13.
-18025
-7273440 (base 10) to base 2
-11011101111101111100000
-21b2ca (base 14) to base 5
-243113233
Convert -558a65 (base 15) to base 6.
-223233505
Convert 5054057 (base 9) to base 2.
1010010001011101110010
What is 3b1a8 (base 13) in base 2?
11010111001001101
-1144460 (base 7) to base 16
-23906
Convert -538292 (base 13) to base 10.
-1960181
What is -212000102211 (base 3) in base 2?
-1101110100110100100
-101011011001110111 (base 2) to base 11
-111631
Convert 45703 (base 13) to base 8.
366717
13430145 (base 6) to base 13
12c110
-408257 (base 9) to base 12
-b822a
Convert 30988 (base 12) to base 9.
106225
What is 375320 (base 15) in base 11?
1550054
270574 (base 8) to base 2
10111000101111100
-77049 (base 13) to base 7
-1554615
Convert -1010101001101101 (base 2) to base 4.
-22221231
What is -310300221 (base 4) in base 5?
-23403410
2623513 (base 7) to base 2
1010011100011010010
Convert -1054154 (base 7) to base 10.
-131114
What is -10110110011101100110 (base 2) in base 4?
-2312131212
2640239 (base 11) to base 9
8532442
6882226 (base 9) to base 14
6c9cd4
39043 (base 15) to base 11
114a7a
What is -11101110001110101 (base 2) in base 15?
-26218
-3a70 (base 16) to base 7
-61421
What is -13525342 (base 7) in base 12?
-511417
What is -3772805 (base 11) in base 7?
-106441565
What is 60727 (base 11) in base 15?
1b44c
What is -1144442 (base 5) in base 14?
-7d84
10001110001111010100 (base 2) to base 10
582612
Convert -2002110210221 (base 3) to base 9.
-2073727
What is -11a6a3 (base 14) in base 8?
-2235507
-1292157 (base 10) to base 8
-4733575
What is 5673025 (base 10) in base 11?
3225256
Convert -310b25 (base 12) to base 9.
-1401582
2ba349 (base 13) to base 7
12113430
Convert -435014 (base 8) to base 9.
-242156
What is -10111001110011011010010 (base 2) in base 14?
-b46b3c
-1a27934 (base 11) to base 2
-1101000011011001100100
11002047 (base 8) to base 7
26030341
3440c (base 15) to base 10
166287
What is -1157526 (base 13) in base 10?
-5357163
What is 563769 (base 10) in base 6?
20030013
Convert -13031003 (base 4) to base 14.
-aa79
-10000221322 (base 4) to base 6
-34310534
Convert -220200120020210 (base 3) to base 8.
-62030774
Convert -1001000100 (base 4) to base 5.
-32010011
1155450 (base 7) to base 11
a1556
Convert -1216840 (base 9) to base 11.
-411813
What is -1864021 (base 10) in base 5?
-434122041
What is -486850 (base 11) in base 8?
-2740445
Convert 9a446 (base 11) to base 2.
100011100011001101
331030001 (base 4) to base 10
250625
Convert -4411434 (base 5) to base 8.
-224135
1471374 (base 8) to base 4
1213023330
Convert 50036b (base 14) to base 3.
12001122201100
What is 3401625 (base 7) in base 8?
1465737
Convert -212323140 (base 6) to base 2.
-1110010101110000000100
-1042b26 (base 12) to base 8
-13563716
What is -4587445 (base 10) in base 5?
-2133244240
Convert -113322312 (base 4) to base 12.
-48846
What is 246383 (base 11) in base 2?
1011110111111110010
Convert 22000010011100 (base 3) to base 9.
8003140
Convert 1220222112200 (base 3) to base 6.
33532543
Convert 512601 (base 7) to base 6.
1512413
Convert 342664 (base 10) to base 9.
572037
What is -179579 (base 11) in base 12?
-113a14
What is 2087718 (base 9) in base 2?
100010001101100100001
c0d8a1 (base 14) to base 8
30606205
Convert -2302321414 (base 5) to base 7.
-61343540
What is -d5232 (base 14) in base 9?
-862426
What is -6776a0 (base 11) in base 9?
-2024028
Convert 102110010022101 (base 3) to base 16.
5cd76c
202414211 (base 6) to base 11
1a70aa9
1000101110000100100 (base 2) to base 13
a0095
Convert -1151711 (base 8) to base 16.
-4d3c9
6012151 (base 7) to base 10
709066
What is 10011101000000001 (base 2) in base 10?
80385
100101111000000000 (base 2) to base 6
3154120
Convert 3